s 62251675 a multiple of 955?
True
Is 19 a factor of 15207724?
False
Is 105191856 a multiple of 371?
True
Is 1298326686 a multiple of 593?
False
Is 2883954171 a multiple of 5933?
True
Is 146540471 a multiple of 1314?
False
Does 816 divide 1690757806?
False
Does 24 divide 1145380969?
False
Does 166 divide 272709?
False
Is 169 a factor of 2153898?
False
Is 484938692 a multiple of 2910?
False
Is 881 a factor of 1679607679?
False
Is 609 a factor of 39664170?
True
Is 327397735 a multiple of 1421?
False
Is 70 a factor of 664548?
False
Is 1059240 a multiple of 156?
True
Is 73 a factor of 25943251?
True
Does 376 divide 326240912?
True
Is 10004548 a multiple of 20?
False
Is 353 a factor of 622961692?
True
Is 99 a factor of 15931570?
False
Is 2200840930 a multiple of 27?
False
Does 232 divide 30762898?
False
Is 62312635 a multiple of 805?
True
Does 4 divide 935041?
False
Is 135053433 a multiple of 23?
False
Does 7 divide 1287671063?
True
Is 3404318 a multiple of 223?
True
Is 343256207 a multiple of 714?
False
Does 24 divide 3094040?
False
Is 125 a factor of 819617750?
True
Does 20 divide 27031203?
False
Is 13878523 a multiple of 1280?
False
Is 23629192 a multiple of 232?
False
Is 5711247811 a multiple of 9?
False
Is 21 a factor of 3244971?
False
Is 461139786 a multiple of 1657?
True
Does 200 divide 870681200?
True
Does 884 divide 5352620?
True
Does 53 divide 307894914?
True
Is 1474 a factor of 26521232?
False
Is 125 a factor of 17088195?
False
Does 17 divide 30237655?
False
Does 592 divide 22526784?
True
Is 25 a factor of 585951186?
False
Does 26 divide 3018872714?
True
Is 3527725 a multiple of 365?
True
Is 3701 a factor of 55626186?
False
Does 547 divide 1412722922?
False
Is 10 a factor of 74093240?
True
Is 128738862 a multiple of 34?
False
Is 13 a factor of 32394064?
False
Is 15 a factor of 13302690?
True
Is 511593894 a multiple of 5754?
True
Does 512 divide 203380224?
True
Does 174 divide 3140352?
True
Does 71 divide 5000104?
True
Is 31 a factor of 51583704?
False
Is 33466256 a multiple of 309?
False
Does 90 divide 56730240?
True
Is 28 a factor of 8614404?
False
Does 18 divide 208750014?
True
Is 208 a factor of 302870801?
False
Is 26130360 a multiple of 680?
True
Does 99 divide 63978651?
True
Does 1823 divide 188219735?
False
Does 12 divide 2729974452?
True
Does 396 divide 1202751383?
False
Is 408 a factor of 50539754?
False
Is 7386624 a multiple of 1152?
True
Is 6143472 a multiple of 3?
True
Does 79 divide 2465543630?
False
Is 5081157 a multiple of 613?
True
Is 21008220 a multiple of 20?
True
Does 276 divide 1677130008?
True
Is 96 a factor of 980916096?
True
Is 52 a factor of 155887012?
False
Is 39 a factor of 9969219?
True
Is 27 a factor of 24298776?
False
Is 20 a factor of 6951087?
False
Is 22012128 a multiple of 1314?
True
Is 221602414 a multiple of 318?
False
Is 82363392 a multiple of 5296?
True
Does 205 divide 789327119?
False
Is 31 a factor of 35984210?
False
Does 126 divide 845684?
False
Does 7 divide 54041744?
False
Is 40 a factor of 1130123?
False
Is 942438885 a multiple of 234?
False
Is 29901487 a multiple of 1309?
True
Is 162962912 a multiple of 16?
True
Is 426109299 a multiple of 1739?
False
Does 3 divide 83278815?
True
Does 119 divide 40667407?
False
Does 7 divide 104112459?
False
Is 330 a factor of 485949436?
False
Is 806852550 a multiple of 70?
True
Does 4070 divide 202077796?
False
Is 18 a factor of 70094394?
True
Does 53 divide 344321218?
False
Does 128 divide 85729957?
False
Is 1704001994 a multiple of 226?
False
Is 13 a factor of 23476743?
False
Is 224412699 a multiple of 51?
True
Is 890687772 a multiple of 52?
True
Is 19 a factor of 274741672?
True
Does 174 divide 427417002?
False
Does 343 divide 3635589398?
True
Is 41 a factor of 483816441?
True
Is 847 a factor of 63753523?
False
Is 49 a factor of 1464914?
False
Is 1836037570 a multiple of 1966?
True
Is 18309808 a multiple of 88?
True
Is 17966592 a multiple of 1114?
True
Is 17 a factor of 29526921?
False
Does 14 divide 331415649?
False
Is 1098923 a multiple of 7?
True
Is 6 a factor of 63000768?
True
Is 16008768 a multiple of 12?
True
Does 102 divide 119154564?
True
Does 26 divide 960488862?
False
Is 162 a factor of 92692026?
True
Does 3861 divide 1310279183?
False
Is 126965 even?
False
Does 464 divide 7150120?
False
Is 138 a factor of 6696526961?
False
Is 425862594 a multiple of 122?
True
Is 12 a factor of 1716785167?
False
Is 221 a factor of 8683392?
False
Is 42 a factor of 1164396492?
True
Is 143 a factor of 65310440?
False
Is 187 a factor of 9473452?
False
Is 178747266 a multiple of 6895?
False
Is 314 a factor of 60146386?
True
Is 630 a factor of 1240249237?
False
Is 1440 a factor of 213455520?
True
Is 3513747601 a multiple of 55?
False
Is 383507663 a multiple of 11?
True
Is 254579 a multiple of 124?
False
Is 398839320 a multiple of 60?
True
Is 21 a factor of 3807883?
False
Is 937 a factor of 460926229?
True
Does 161 divide 21938826?
True
Does 4 divide 25349176?
True
Does 1160 divide 446358720?
True
Is 2840662030 a multiple of 61?
True
Is 1644248376 a multiple of 1269?
True
Does 159 divide 37126818?
True
Is 941040342 a multiple of 2266?
True
Is 46707641 a multiple of 179?
False
Does 3 divide 198956463?
True
Is 518 a factor of 25546724?
True
Does 206 divide 253155872?
True
Is 1001978 a multiple of 281?
False
Is 4 a factor of 78394360?
True
Is 112 a factor of 208971504?
True
Is 10272660 a multiple of 313?
True
Is 753807764 a multiple of 365?
False
Is 45765144 a multiple of 24?
True
Is 57634941 a multiple of 1407?
True
Is 99104551 a multiple of 4123?
True
Is 262470 a multiple of 6?
True
Is 145 a factor of 4537340?
True
Does 255 divide 138687044?
False
Is 48923601 a multiple of 7?
False
Does 3 divide 5221681?
False
Is 207897992 a multiple of 8?
True
Is 8 a factor of 791845410?
False
Does 36 divide 5668375?
False
Is 661674655 a multiple of 3?
False
Is 1117923240 a multiple of 24?
True
Is 19707 a factor of 5088426228?
True
Is 6 a factor of 380116740?
True
Does 34 divide 4974822?
False
Does 604 divide 112949469?
False
Is 5 a factor of 37575099?
False
Is 46315525 a multiple of 1739?
False
Is 33 a factor of 156240184?
False
Is 17789580 a multiple of 29?
False
Is 3 a factor of 197494845?
True
Is 114903804 a multiple of 2880?
False
Is 11 a factor of 6074310?
True
Is 207857850 a multiple of 75?
True
Is 2470 a factor of 3900130?
True
Is 197194430 a multiple of 10?
True
Does 187 divide 38906644?
False
Does 385 divide 142410730?
True
Is 7528 a factor of 333061304?
True
Is 53881017 a multiple of 61?
False
Is 420 a factor of 162171030?
False
Does 144 divide 95951779?
False
Is 3985674 a multiple of 10?
False
Does 11 divide 62336109?
True
Is 196486252 a multiple of 29?
True
Does 101 divide 2520811025?
True
Does 2710 divide 1103864738?
False
Is 81 a factor of 158636456?
False
Is 174 a factor of 3741163386?
True
Is 1148078646 a multiple of 7?
False
Is 381025619 a multiple of 36?
False
Is 45 a factor of 41685451?
False
Is 1067 a factor of 3176459?
True
Does 631 divide 430866992?
True
Is 2591451266 a multiple of 14?
False
Is 4862 a factor of 221080002?
True
Is 34 a factor of 95113963?
False
Is 4105254 a multiple of 24?
False
Does 432 divide 11133261?
False
Is 237463797 a multiple of 3456?
False
Is 164973016 a multiple of 26?
True
Is 11064 a factor of 277064688?
True
Is 1609975248 a multiple of 14?
True
Is 486 a factor of 29844774?
True
Is 8 a factor of 243408728?
True
Is 859 a factor of 48734506?
True
Does 13 divide 77106329?
False
Is 7901380 even?
True
Does 448 divide 1459110912?
True
Is 62236555 a multiple of 149?
True
Does 1390 divide 15285830?
True
Is 17326285 a multiple of 955?
False
Is 70 a factor of 49461352?
False
Does 201 divide 50182062?
True
Does 11 divide 2458012878?
False
Does 2065 divide 44454785?
False
Is 32 a factor of 26340416?
True
Does 220 divide 3995420?
True
Does 790 divide 21517852?
False
Does 10 divide 909786158?
False
Is 1248 a factor of 22069510?
False
Is 8 a factor of 3479640?
True
Is 97 a factor of 37148284?
True
Does 12 divide 2780215?
False
Is 1713 a factor of 1076498352?
False
Is 1819154912 a multiple of 656?
True
Is 16 a factor of 4054065463?
False
Is 96684734 a multiple of 334?
False
Does 165 divide 2434905?
True
Is 877 a factor of 619632008?
False
Is 473609484 